[INFO] fetching crate ipld 0.0.2...
[INFO] checking ipld-0.0.2 against master#af3c6e733a40e671550e0f0f5aeecaa13772ba56 for pr-74989
[INFO] extracting crate ipld 0.0.2 into /workspace/builds/worker-14/source
[INFO] validating manifest of crates.io crate ipld 0.0.2 on toolchain af3c6e733a40e671550e0f0f5aeecaa13772ba56
[INFO] running `Command { std: "/workspace/cargo-home/bin/cargo" "+af3c6e733a40e671550e0f0f5aeecaa13772ba56" "read-manifest" "--manifest-path" "Cargo.toml", kill_on_drop: false }`
[INFO] started tweaking crates.io crate ipld 0.0.2
[INFO] finished tweaking crates.io crate ipld 0.0.2
[INFO] tweaked toml for crates.io crate ipld 0.0.2 written to /workspace/builds/worker-14/source/Cargo.toml
[INFO] running `Command { std: "/workspace/cargo-home/bin/cargo" "+af3c6e733a40e671550e0f0f5aeecaa13772ba56" "generate-lockfile" "--manifest-path" "Cargo.toml" "-Zno-index-update", kill_on_drop: false }`
[INFO] [stderr]     Blocking waiting for file lock on package cache
[INFO] running `Command { std: "/workspace/cargo-home/bin/cargo" "+af3c6e733a40e671550e0f0f5aeecaa13772ba56" "fetch" "--locked" "--manifest-path" "Cargo.toml", kill_on_drop: false }`
[INFO] [stderr]     Blocking waiting for file lock on package cache
[INFO] running `Command { std: "docker" "create" "-v" "/var/lib/crater-agent-workspace/builds/worker-14/target:/opt/rustwide/target:rw,Z" "-v" "/var/lib/crater-agent-workspace/builds/worker-14/source:/opt/rustwide/workdir:ro,Z" "-v" "/var/lib/crater-agent-workspace/cargo-home:/opt/rustwide/cargo-home:ro,Z" "-v" "/var/lib/crater-agent-workspace/rustup-home:/opt/rustwide/rustup-home:ro,Z" "-e" "SOURCE_DIR=/opt/rustwide/workdir" "-e" "CARGO_TARGET_DIR=/opt/rustwide/target" "-e" "CARGO_HOME=/opt/rustwide/cargo-home" "-e" "RUSTUP_HOME=/opt/rustwide/rustup-home" "-w" "/opt/rustwide/workdir" "-m" "1610612736" "--user" "0:0" "--network" "none" "rustops/crates-build-env@sha256:d92eaeed33fa75130ca1ee6c8a01d1ffb62bac859dfdfb3450e3e5d1c0146529" "/opt/rustwide/cargo-home/bin/cargo" "+af3c6e733a40e671550e0f0f5aeecaa13772ba56" "metadata" "--no-deps" "--format-version=1", kill_on_drop: false }`
[INFO] [stdout] cccfb58ee1989ded0f6ce74f0fa57d4004fbee733231a97d3fa9251a61ef4325
[INFO] [stderr] WARNING: Your kernel does not support swap limit capabilities or the cgroup is not mounted. Memory limited without swap.
[INFO] running `Command { std: "docker" "start" "-a" "cccfb58ee1989ded0f6ce74f0fa57d4004fbee733231a97d3fa9251a61ef4325", kill_on_drop: false }`
[INFO] running `Command { std: "docker" "inspect" "cccfb58ee1989ded0f6ce74f0fa57d4004fbee733231a97d3fa9251a61ef4325", kill_on_drop: false }`
[INFO] running `Command { std: "docker" "rm" "-f" "cccfb58ee1989ded0f6ce74f0fa57d4004fbee733231a97d3fa9251a61ef4325", kill_on_drop: false }`
[INFO] [stdout] cccfb58ee1989ded0f6ce74f0fa57d4004fbee733231a97d3fa9251a61ef4325
[INFO] running `Command { std: "docker" "create" "-v" "/var/lib/crater-agent-workspace/builds/worker-14/target:/opt/rustwide/target:rw,Z" "-v" "/var/lib/crater-agent-workspace/builds/worker-14/source:/opt/rustwide/workdir:ro,Z" "-v" "/var/lib/crater-agent-workspace/cargo-home:/opt/rustwide/cargo-home:ro,Z" "-v" "/var/lib/crater-agent-workspace/rustup-home:/opt/rustwide/rustup-home:ro,Z" "-e" "SOURCE_DIR=/opt/rustwide/workdir" "-e" "CARGO_TARGET_DIR=/opt/rustwide/target" "-e" "CARGO_INCREMENTAL=0" "-e" "RUST_BACKTRACE=full" "-e" "RUSTFLAGS=--cap-lints=forbid" "-e" "CARGO_HOME=/opt/rustwide/cargo-home" "-e" "RUSTUP_HOME=/opt/rustwide/rustup-home" "-w" "/opt/rustwide/workdir" "-m" "1610612736" "--user" "0:0" "--network" "none" "rustops/crates-build-env@sha256:d92eaeed33fa75130ca1ee6c8a01d1ffb62bac859dfdfb3450e3e5d1c0146529" "/opt/rustwide/cargo-home/bin/cargo" "+af3c6e733a40e671550e0f0f5aeecaa13772ba56" "check" "--frozen" "--all" "--all-targets" "--message-format=json", kill_on_drop: false }`
[INFO] [stdout] 1a7707a586c8225ff15e37f0865db09cc0d16958d41a7afb82ec82e8325d37da
[INFO] [stderr] WARNING: Your kernel does not support swap limit capabilities or the cgroup is not mounted. Memory limited without swap.
[INFO] running `Command { std: "docker" "start" "-a" "1a7707a586c8225ff15e37f0865db09cc0d16958d41a7afb82ec82e8325d37da", kill_on_drop: false }`
[INFO] [stderr]    Compiling typenum v1.12.0
[INFO] [stderr]    Compiling syn v1.0.40
[INFO] [stderr]    Compiling libc v0.2.77
[INFO] [stderr]    Compiling crunchy v0.2.2
[INFO] [stderr]     Checking byte-tools v0.2.0
[INFO] [stderr]     Checking sha1 v0.5.0
[INFO] [stderr]     Checking base32 v0.4.0
[INFO] [stderr]     Checking bytes v0.5.6
[INFO] [stderr]     Checking block-buffer v0.3.3
[INFO] [stderr]     Checking multibase v0.7.0
[INFO] [stderr]     Checking tiny-keccak v1.5.0
[INFO] [stderr]     Checking backtrace v0.3.50
[INFO] [stderr]     Checking generic-array v0.12.3
[INFO] [stderr]     Checking generic-array v0.9.0
[INFO] [stderr]     Checking digest v0.7.6
[INFO] [stderr]     Checking block-buffer v0.7.3
[INFO] [stderr]     Checking digest v0.8.1
[INFO] [stderr]     Checking sha2 v0.7.1
[INFO] [stderr]     Checking sha2 v0.8.2
[INFO] [stderr]     Checking sha3 v0.8.2
[INFO] [stderr]     Checking sha-1 v0.8.2
[INFO] [stderr]     Checking multihash v0.9.4
[INFO] [stderr]     Checking multihash v0.10.1
[INFO] [stderr]    Compiling synstructure v0.12.4
[INFO] [stderr]    Compiling data-encoding-macro-internal v0.1.8
[INFO] [stderr]    Compiling failure_derive v0.1.8
[INFO] [stderr]    Compiling async-trait v0.1.40
[INFO] [stderr]     Checking data-encoding-macro v0.1.8
[INFO] [stderr]     Checking multibase v0.8.0
[INFO] [stderr]     Checking cid v0.3.2
[INFO] [stderr]     Checking failure v0.1.8
[INFO] [stderr]     Checking ipld v0.0.2 (/opt/rustwide/workdir)
[INFO] [stdout] warning: unused variable: `dag`
[INFO] [stdout]   --> src/codec.rs:45:20
[INFO] [stdout]    |
[INFO] [stdout] 45 |     fn write<S, W>(dag: &S, writer: W) -> Result<(), Self::Error>
[INFO] [stdout]    |                    ^^^ help: if this is intentional, prefix it with an underscore: `_dag`
[INFO] [stdout]    |
[INFO] [stdout]    = note: `#[warn(unused_variables)]` on by default
[INFO] [stdout] 
[INFO] [stdout] 
[INFO] [stdout] warning: unused variable: `writer`
[INFO] [stdout]   --> src/codec.rs:45:29
[INFO] [stdout]    |
[INFO] [stdout] 45 |     fn write<S, W>(dag: &S, writer: W) -> Result<(), Self::Error>
[INFO] [stdout]    |                             ^^^^^^ help: if this is intentional, prefix it with an underscore: `_writer`
[INFO] [stdout] 
[INFO] [stdout] 
[INFO] [stdout] warning: unused variable: `reader`
[INFO] [stdout]   --> src/codec.rs:56:19
[INFO] [stdout]    |
[INFO] [stdout] 56 |     fn read<D, R>(reader: R) -> Result<D, Self::Error>
[INFO] [stdout]    |                   ^^^^^^ help: if this is intentional, prefix it with an underscore: `_reader`
[INFO] [stdout] 
[INFO] [stdout] 
[INFO] [stdout] warning: unused variable: `dag`
[INFO] [stdout]   --> src/codec.rs:45:20
[INFO] [stdout]    |
[INFO] [stdout] 45 |     fn write<S, W>(dag: &S, writer: W) -> Result<(), Self::Error>
[INFO] [stdout]    |                    ^^^ help: if this is intentional, prefix it with an underscore: `_dag`
[INFO] [stdout]    |
[INFO] [stdout]    = note: `#[warn(unused_variables)]` on by default
[INFO] [stdout] 
[INFO] [stdout] 
[INFO] [stdout] warning: unused variable: `writer`
[INFO] [stdout]   --> src/codec.rs:45:29
[INFO] [stdout]    |
[INFO] [stdout] 45 |     fn write<S, W>(dag: &S, writer: W) -> Result<(), Self::Error>
[INFO] [stdout]    |                             ^^^^^^ help: if this is intentional, prefix it with an underscore: `_writer`
[INFO] [stdout] 
[INFO] [stdout] 
[INFO] [stdout] warning: unused variable: `reader`
[INFO] [stdout]   --> src/codec.rs:56:19
[INFO] [stdout]    |
[INFO] [stdout] 56 |     fn read<D, R>(reader: R) -> Result<D, Self::Error>
[INFO] [stdout]    |                   ^^^^^^ help: if this is intentional, prefix it with an underscore: `_reader`
[INFO] [stdout] 
[INFO] [stdout] 
[INFO] [stdout] warning: 3 warnings emitted
[INFO] [stdout] 
[INFO] [stdout] 
[INFO] [stdout] warning: 3 warnings emitted
[INFO] [stdout] 
[INFO] [stdout] 
[INFO] [stdout] error[E0433]: failed to resolve: use of undeclared type or module `async_std`
[INFO] [stdout]  --> benches/store.rs:1:5
[INFO] [stdout]   |
[INFO] [stdout] 1 | use async_std::task::{block_on, sleep};
[INFO] [stdout]   |     ^^^^^^^^^ use of undeclared type or module `async_std`
[INFO] [stdout] 
[INFO] [stdout] 
[INFO] [stdout] error[E0433]: failed to resolve: use of undeclared type or module `libipld`
[INFO] [stdout]  --> benches/store.rs:4:5
[INFO] [stdout]   |
[INFO] [stdout] 4 | use libipld::block::create_raw_block;
[INFO] [stdout]   |     ^^^^^^^ use of undeclared type or module `libipld`
[INFO] [stdout] 
[INFO] [stdout] 
[INFO] [stdout] error[E0433]: failed to resolve: use of undeclared type or module `libipld`
[INFO] [stdout]  --> benches/store.rs:5:5
[INFO] [stdout]   |
[INFO] [stdout] 5 | use libipld::error::Result;
[INFO] [stdout]   |     ^^^^^^^ use of undeclared type or module `libipld`
[INFO] [stdout] 
[INFO] [stdout] 
[INFO] [stdout] error[E0433]: failed to resolve: use of undeclared type or module `libipld`
[INFO] [stdout]  --> benches/store.rs:6:5
[INFO] [stdout]   |
[INFO] [stdout] 6 | use libipld::store::{BufStore, MemStore, Store};
[INFO] [stdout]   |     ^^^^^^^ use of undeclared type or module `libipld`
[INFO] [stdout] 
[INFO] [stdout] 
[INFO] [stdout] error[E0432]: unresolved import `criterion`
[INFO] [stdout]  --> benches/store.rs:3:5
[INFO] [stdout]   |
[INFO] [stdout] 3 | use criterion::{black_box, criterion_group, criterion_main, Criterion};
[INFO] [stdout]   |     ^^^^^^^^^ use of undeclared type or module `criterion`
[INFO] [stdout] 
[INFO] [stdout] 
[INFO] [stdout] error[E0432]: unresolved import `libipld`
[INFO] [stdout]  --> benches/store.rs:7:5
[INFO] [stdout]   |
[INFO] [stdout] 7 | use libipld::{Cid, DefaultHash as H};
[INFO] [stdout]   |     ^^^^^^^ use of undeclared type or module `libipld`
[INFO] [stdout] 
[INFO] [stdout] 
[INFO] [stdout] error: cannot determine resolution for the macro `criterion_group`
[INFO] [stdout]    --> benches/store.rs:217:1
[INFO] [stdout]     |
[INFO] [stdout] 217 | criterion_group! {
[INFO] [stdout]     | ^^^^^^^^^^^^^^^
[INFO] [stdout]     |
[INFO] [stdout]     = note: import resolution is stuck, try simplifying macro imports
[INFO] [stdout] 
[INFO] [stdout] 
[INFO] [stdout] error: cannot determine resolution for the macro `criterion_main`
[INFO] [stdout]    --> benches/store.rs:223:1
[INFO] [stdout]     |
[INFO] [stdout] 223 | criterion_main!(benches);
[INFO] [stdout]     | ^^^^^^^^^^^^^^
[INFO] [stdout]     |
[INFO] [stdout]     = note: import resolution is stuck, try simplifying macro imports
[INFO] [stdout] 
[INFO] [stdout] 
[INFO] [stdout] error[E0433]: failed to resolve: use of undeclared type or module `MemStore`
[INFO] [stdout]    --> benches/store.rs:204:54
[INFO] [stdout]     |
[INFO] [stdout] 204 |     let mem_store: StoreSetup = Box::new(|| Box::new(MemStore::default()));
[INFO] [stdout]     |                                                      ^^^^^^^^ use of undeclared type or module `MemStore`
[INFO] [stdout] 
[INFO] [stdout] 
[INFO] [stdout] error[E0433]: failed to resolve: use of undeclared type or module `BufStore`
[INFO] [stdout]    --> benches/store.rs:205:54
[INFO] [stdout]     |
[INFO] [stdout] 205 |     let buf_store: StoreSetup = Box::new(|| Box::new(BufStore::new(MemStore::default(), 16, 16)));
[INFO] [stdout]     |                                                      ^^^^^^^^ use of undeclared type or module `BufStore`
[INFO] [stdout] 
[INFO] [stdout] 
[INFO] [stdout] error[E0433]: failed to resolve: use of undeclared type or module `MemStore`
[INFO] [stdout]    --> benches/store.rs:205:68
[INFO] [stdout]     |
[INFO] [stdout] 205 |     let buf_store: StoreSetup = Box::new(|| Box::new(BufStore::new(MemStore::default(), 16, 16)));
[INFO] [stdout]     |                                                                    ^^^^^^^^ use of undeclared type or module `MemStore`
[INFO] [stdout] 
[INFO] [stdout] 
[INFO] [stdout] error[E0433]: failed to resolve: use of undeclared type or module `BufStore`
[INFO] [stdout]    --> benches/store.rs:207:30
[INFO] [stdout]     |
[INFO] [stdout] 207 |         Box::new(|| Box::new(BufStore::new(DelayStore::new(MemStore::default()), 16, 16)));
[INFO] [stdout]     |                              ^^^^^^^^ use of undeclared type or module `BufStore`
[INFO] [stdout] 
[INFO] [stdout] 
[INFO] [stdout] error[E0433]: failed to resolve: use of undeclared type or module `MemStore`
[INFO] [stdout]    --> benches/store.rs:207:60
[INFO] [stdout]     |
[INFO] [stdout] 207 |         Box::new(|| Box::new(BufStore::new(DelayStore::new(MemStore::default()), 16, 16)));
[INFO] [stdout]     |                                                            ^^^^^^^^ use of undeclared type or module `MemStore`
[INFO] [stdout] 
[INFO] [stdout] 
[INFO] [stdout] error[E0425]: cannot find function `create_raw_block` in this scope
[INFO] [stdout]   --> benches/store.rs:13:5
[INFO] [stdout]    |
[INFO] [stdout] 13 |     create_raw_block::<H>(data).unwrap()
[INFO] [stdout]    |     ^^^^^^^^^^^^^^^^ not found in this scope
[INFO] [stdout] 
[INFO] [stdout] 
[INFO] [stdout] error[E0405]: cannot find trait `Store` in this scope
[INFO] [stdout]   --> benches/store.rs:16:27
[INFO] [stdout]    |
[INFO] [stdout] 16 | struct DelayStore<TStore: Store>(TStore);
[INFO] [stdout]    |                           ^^^^^ not found in this scope
[INFO] [stdout] 
[INFO] [stdout] 
[INFO] [stdout] error[E0405]: cannot find trait `Store` in this scope
[INFO] [stdout]   --> benches/store.rs:18:14
[INFO] [stdout]    |
[INFO] [stdout] 18 | impl<TStore: Store> DelayStore<TStore> {
[INFO] [stdout]    |              ^^^^^ not found in this scope
[INFO] [stdout] 
[INFO] [stdout] 
[INFO] [stdout] error[E0405]: cannot find trait `Store` in this scope
[INFO] [stdout]   --> benches/store.rs:25:21
[INFO] [stdout]    |
[INFO] [stdout] 25 | impl<TStore: Store> Store for DelayStore<TStore> {
[INFO] [stdout]    |                     ^^^^^ not found in this scope
[INFO] [stdout] 
[INFO] [stdout] 
[INFO] [stdout] error[E0405]: cannot find trait `Store` in this scope
[INFO] [stdout]   --> benches/store.rs:25:14
[INFO] [stdout]    |
[INFO] [stdout] 25 | impl<TStore: Store> Store for DelayStore<TStore> {
[INFO] [stdout]    |              ^^^^^ not found in this scope
[INFO] [stdout] 
[INFO] [stdout] 
[INFO] [stdout] error[E0425]: cannot find function `sleep` in this scope
[INFO] [stdout]   --> benches/store.rs:27:9
[INFO] [stdout]    |
[INFO] [stdout] 27 |         sleep(Duration::from_millis(1)).await;
[INFO] [stdout]    |         ^^^^^ not found in this scope
[INFO] [stdout]    |
[INFO] [stdout] help: consider importing this function
[INFO] [stdout]    |
[INFO] [stdout] 1  | use std::thread::sleep;
[INFO] [stdout]    |
[INFO] [stdout] 
[INFO] [stdout] 
[INFO] [stdout] error[E0425]: cannot find function `sleep` in this scope
[INFO] [stdout]   --> benches/store.rs:32:9
[INFO] [stdout]    |
[INFO] [stdout] 32 |         sleep(Duration::from_millis(1)).await;
[INFO] [stdout]    |         ^^^^^ not found in this scope
[INFO] [stdout]    |
[INFO] [stdout] help: consider importing this function
[INFO] [stdout]    |
[INFO] [stdout] 1  | use std::thread::sleep;
[INFO] [stdout]    |
[INFO] [stdout] 
[INFO] [stdout] 
[INFO] [stdout] error[E0425]: cannot find function `sleep` in this scope
[INFO] [stdout]   --> benches/store.rs:37:9
[INFO] [stdout]    |
[INFO] [stdout] 37 |         sleep(Duration::from_millis(1)).await;
[INFO] [stdout]    |         ^^^^^ not found in this scope
[INFO] [stdout]    |
[INFO] [stdout] help: consider importing this function
[INFO] [stdout]    |
[INFO] [stdout] 1  | use std::thread::sleep;
[INFO] [stdout]    |
[INFO] [stdout] 
[INFO] [stdout] 
[INFO] [stdout] error[E0425]: cannot find function `sleep` in this scope
[INFO] [stdout]   --> benches/store.rs:42:9
[INFO] [stdout]    |
[INFO] [stdout] 42 |         sleep(Duration::from_millis(1)).await;
[INFO] [stdout]    |         ^^^^^ not found in this scope
[INFO] [stdout]    |
[INFO] [stdout] help: consider importing this function
[INFO] [stdout]    |
[INFO] [stdout] 1  | use std::thread::sleep;
[INFO] [stdout]    |
[INFO] [stdout] 
[INFO] [stdout] 
[INFO] [stdout] error[E0425]: cannot find function `sleep` in this scope
[INFO] [stdout]   --> benches/store.rs:47:9
[INFO] [stdout]    |
[INFO] [stdout] 47 |         sleep(Duration::from_millis(1)).await;
[INFO] [stdout]    |         ^^^^^ not found in this scope
[INFO] [stdout]    |
[INFO] [stdout] help: consider importing this function
[INFO] [stdout]    |
[INFO] [stdout] 1  | use std::thread::sleep;
[INFO] [stdout]    |
[INFO] [stdout] 
[INFO] [stdout] 
[INFO] [stdout] error[E0425]: cannot find function `sleep` in this scope
[INFO] [stdout]   --> benches/store.rs:52:9
[INFO] [stdout]    |
[INFO] [stdout] 52 |         sleep(Duration::from_millis(1)).await;
[INFO] [stdout]    |         ^^^^^ not found in this scope
[INFO] [stdout]    |
[INFO] [stdout] help: consider importing this function
[INFO] [stdout]    |
[INFO] [stdout] 1  | use std::thread::sleep;
[INFO] [stdout]    |
[INFO] [stdout] 
[INFO] [stdout] 
[INFO] [stdout] error[E0425]: cannot find function `sleep` in this scope
[INFO] [stdout]   --> benches/store.rs:57:9
[INFO] [stdout]    |
[INFO] [stdout] 57 |         sleep(Duration::from_millis(1)).await;
[INFO] [stdout]    |         ^^^^^ not found in this scope
[INFO] [stdout]    |
[INFO] [stdout] help: consider importing this function
[INFO] [stdout]    |
[INFO] [stdout] 1  | use std::thread::sleep;
[INFO] [stdout]    |
[INFO] [stdout] 
[INFO] [stdout] 
[INFO] [stdout] error[E0425]: cannot find function `sleep` in this scope
[INFO] [stdout]   --> benches/store.rs:62:9
[INFO] [stdout]    |
[INFO] [stdout] 62 |         sleep(Duration::from_millis(1)).await;
[INFO] [stdout]    |         ^^^^^ not found in this scope
[INFO] [stdout]    |
[INFO] [stdout] help: consider importing this function
[INFO] [stdout]    |
[INFO] [stdout] 1  | use std::thread::sleep;
[INFO] [stdout]    |
[INFO] [stdout] 
[INFO] [stdout] 
[INFO] [stdout] error[E0425]: cannot find function `sleep` in this scope
[INFO] [stdout]   --> benches/store.rs:67:9
[INFO] [stdout]    |
[INFO] [stdout] 67 |         sleep(Duration::from_millis(1)).await;
[INFO] [stdout]    |         ^^^^^ not found in this scope
[INFO] [stdout]    |
[INFO] [stdout] help: consider importing this function
[INFO] [stdout]    |
[INFO] [stdout] 1  | use std::thread::sleep;
[INFO] [stdout]    |
[INFO] [stdout] 
[INFO] [stdout] 
[INFO] [stdout] error[E0425]: cannot find function `sleep` in this scope
[INFO] [stdout]   --> benches/store.rs:72:9
[INFO] [stdout]    |
[INFO] [stdout] 72 |         sleep(Duration::from_millis(1)).await;
[INFO] [stdout]    |         ^^^^^ not found in this scope
[INFO] [stdout]    |
[INFO] [stdout] help: consider importing this function
[INFO] [stdout]    |
[INFO] [stdout] 1  | use std::thread::sleep;
[INFO] [stdout]    |
[INFO] [stdout] 
[INFO] [stdout] 
[INFO] [stdout] error[E0405]: cannot find trait `Store` in this scope
[INFO] [stdout]   --> benches/store.rs:77:43
[INFO] [stdout]    |
[INFO] [stdout] 77 | type StoreSetup = Box<dyn Fn() -> Box<dyn Store>>;
[INFO] [stdout]    |                -                          ^^^^^ not found in this scope
[INFO] [stdout]    |                |
[INFO] [stdout]    |                help: you might be missing a type parameter: `<Store>`
[INFO] [stdout] 
[INFO] [stdout] 
[INFO] [stdout] error[E0425]: cannot find function `block_on` in this scope
[INFO] [stdout]   --> benches/store.rs:87:27
[INFO] [stdout]    |
[INFO] [stdout] 87 |                 black_box(block_on(store.read(black_box(cid)))).unwrap();
[INFO] [stdout]    |                           ^^^^^^^^ not found in this scope
[INFO] [stdout] 
[INFO] [stdout] 
[INFO] [stdout] error[E0425]: cannot find function `block_on` in this scope
[INFO] [stdout]   --> benches/store.rs:96:13
[INFO] [stdout]    |
[INFO] [stdout] 96 |             block_on(store.write(cid, data.clone())).unwrap();
[INFO] [stdout]    |             ^^^^^^^^ not found in this scope
[INFO] [stdout] 
[INFO] [stdout] 
[INFO] [stdout] error[E0425]: cannot find function `block_on` in this scope
[INFO] [stdout]   --> benches/store.rs:98:27
[INFO] [stdout]    |
[INFO] [stdout] 98 |                 black_box(block_on(store.read(black_box(cid))))
[INFO] [stdout]    |                           ^^^^^^^^ not found in this scope
[INFO] [stdout] 
[INFO] [stdout] 
[INFO] [stdout] error[E0425]: cannot find function `block_on` in this scope
[INFO] [stdout]    --> benches/store.rs:109:13
[INFO] [stdout]     |
[INFO] [stdout] 109 |             block_on(store.write(cid, data.clone())).unwrap();
[INFO] [stdout]     |             ^^^^^^^^ not found in this scope
[INFO] [stdout] 
[INFO] [stdout] 
[INFO] [stdout] error[E0425]: cannot find function `block_on` in this scope
[INFO] [stdout]    --> benches/store.rs:110:13
[INFO] [stdout]     |
[INFO] [stdout] 110 |             block_on(store.flush()).unwrap();
[INFO] [stdout]     |             ^^^^^^^^ not found in this scope
[INFO] [stdout] 
[INFO] [stdout] 
[INFO] [stdout] error[E0425]: cannot find function `block_on` in this scope
[INFO] [stdout]    --> benches/store.rs:112:27
[INFO] [stdout]     |
[INFO] [stdout] 112 |                 black_box(block_on(store.read(black_box(cid))))
[INFO] [stdout]     |                           ^^^^^^^^ not found in this scope
[INFO] [stdout] 
[INFO] [stdout] 
[INFO] [stdout] error[E0425]: cannot find function `block_on` in this scope
[INFO] [stdout]    --> benches/store.rs:123:13
[INFO] [stdout]     |
[INFO] [stdout] 123 |             block_on(store.write(cid, data.clone())).unwrap();
[INFO] [stdout]     |             ^^^^^^^^ not found in this scope
[INFO] [stdout] 
[INFO] [stdout] 
[INFO] [stdout] error[E0425]: cannot find function `block_on` in this scope
[INFO] [stdout]    --> benches/store.rs:125:27
[INFO] [stdout]     |
[INFO] [stdout] 125 |                 black_box(block_on(
[INFO] [stdout]     |                           ^^^^^^^^ not found in this scope
[INFO] [stdout] 
[INFO] [stdout] 
[INFO] [stdout] error[E0425]: cannot find function `block_on` in this scope
[INFO] [stdout]    --> benches/store.rs:137:13
[INFO] [stdout]     |
[INFO] [stdout] 137 |             block_on(store.write(cid, data.clone())).unwrap();
[INFO] [stdout]     |             ^^^^^^^^ not found in this scope
[INFO] [stdout] 
[INFO] [stdout] 
[INFO] [stdout] error[E0425]: cannot find function `block_on` in this scope
[INFO] [stdout]    --> benches/store.rs:138:13
[INFO] [stdout]     |
[INFO] [stdout] 138 |             block_on(store.flush()).unwrap();
[INFO] [stdout]     |             ^^^^^^^^ not found in this scope
[INFO] [stdout] 
[INFO] [stdout] 
[INFO] [stdout] error[E0425]: cannot find function `block_on` in this scope
[INFO] [stdout]    --> benches/store.rs:140:27
[INFO] [stdout]     |
[INFO] [stdout] 140 |                 black_box(block_on(async {
[INFO] [stdout]     |                           ^^^^^^^^ not found in this scope
[INFO] [stdout] 
[INFO] [stdout] 
[INFO] [stdout] error[E0425]: cannot find function `block_on` in this scope
[INFO] [stdout]    --> benches/store.rs:155:13
[INFO] [stdout]     |
[INFO] [stdout] 155 |             block_on(store.pin(cid)).unwrap();
[INFO] [stdout]     |             ^^^^^^^^ not found in this scope
[INFO] [stdout] 
[INFO] [stdout] 
[INFO] [stdout] error[E0425]: cannot find function `block_on` in this scope
[INFO] [stdout]    --> benches/store.rs:157:27
[INFO] [stdout]     |
[INFO] [stdout] 157 |                 black_box(block_on(store.pin(cid))).unwrap();
[INFO] [stdout]     |                           ^^^^^^^^ not found in this scope
[INFO] [stdout] 
[INFO] [stdout] 
[INFO] [stdout] error[E0425]: cannot find function `block_on` in this scope
[INFO] [stdout]    --> benches/store.rs:166:13
[INFO] [stdout]     |
[INFO] [stdout] 166 |             block_on(store.pin(cid)).unwrap();
[INFO] [stdout]     |             ^^^^^^^^ not found in this scope
[INFO] [stdout] 
[INFO] [stdout] 
[INFO] [stdout] error[E0425]: cannot find function `block_on` in this scope
[INFO] [stdout]    --> benches/store.rs:167:13
[INFO] [stdout]     |
[INFO] [stdout] 167 |             block_on(store.flush()).unwrap();
[INFO] [stdout]     |             ^^^^^^^^ not found in this scope
[INFO] [stdout] 
[INFO] [stdout] 
[INFO] [stdout] error[E0425]: cannot find function `block_on` in this scope
[INFO] [stdout]    --> benches/store.rs:169:27
[INFO] [stdout]     |
[INFO] [stdout] 169 |                 black_box(block_on(async {
[INFO] [stdout]     |                           ^^^^^^^^ not found in this scope
[INFO] [stdout] 
[INFO] [stdout] 
[INFO] [stdout] error[E0425]: cannot find function `block_on` in this scope
[INFO] [stdout]    --> benches/store.rs:182:27
[INFO] [stdout]     |
[INFO] [stdout] 182 |                 black_box(block_on(store.unpin(cid))).unwrap();
[INFO] [stdout]     |                           ^^^^^^^^ not found in this scope
[INFO] [stdout] 
[INFO] [stdout] 
[INFO] [stdout] error[E0425]: cannot find function `block_on` in this scope
[INFO] [stdout]    --> benches/store.rs:192:27
[INFO] [stdout]     |
[INFO] [stdout] 192 |                 black_box(block_on(async {
[INFO] [stdout]     |                           ^^^^^^^^ not found in this scope
[INFO] [stdout] 
[INFO] [stdout] 
[INFO] [stdout] error: aborting due to 47 previous errors
[INFO] [stdout] 
[INFO] [stdout] 
[INFO] [stdout] Some errors have detailed explanations: E0405, E0425, E0432, E0433.
[INFO] [stdout] 
[INFO] [stdout] For more information about an error, try `rustc --explain E0405`.
[INFO] [stdout] 
[INFO] [stderr] error: could not compile `ipld`.
[INFO] [stderr] 
[INFO] [stderr] To learn more, run the command again with --verbose.
[INFO] running `Command { std: "docker" "inspect" "1a7707a586c8225ff15e37f0865db09cc0d16958d41a7afb82ec82e8325d37da", kill_on_drop: false }`
[INFO] running `Command { std: "docker" "rm" "-f" "1a7707a586c8225ff15e37f0865db09cc0d16958d41a7afb82ec82e8325d37da", kill_on_drop: false }`
[INFO] [stdout] 1a7707a586c8225ff15e37f0865db09cc0d16958d41a7afb82ec82e8325d37da
